{"id":296,"date":"2019-05-12T09:36:36","date_gmt":"2019-05-12T07:36:36","guid":{"rendered":"http:\/\/cawoliege.be\/?page_id=296"},"modified":"2019-05-12T09:36:36","modified_gmt":"2019-05-12T07:36:36","slug":"stanhopea","status":"publish","type":"page","link":"https:\/\/cawoliege.be\/index.php\/orchidees-plus-rares\/stanhopea\/","title":{"rendered":"Stanhopea"},"content":{"rendered":"\n<div class=\"wp-block-image\"><figure class=\"aligncenter\"><img loading=\"lazy\" decoding=\"async\" width=\"210\" height=\"169\" src=\"http:\/\/cawoliege.be\/wp-content\/uploads\/2019\/05\/Stanhopea.gif\" alt=\"\" class=\"wp-image-297\"\/><\/figure><\/div>\n\n\n\n<p>Ce groupe concerne des fleurs tr\u00e8s  spectaculaires et des plantes qui peuvent atteindre de bonnes dimensions  \u00e9galement : celui des Stanhop\u00e9in\u00e9es regroupant <em>Stanhopea<\/em>, <em>Embreea<\/em>, <em>Paphinia<\/em>, \u2026<br> <br> On peut dire que Dame Nature s&rsquo;est bien amus\u00e9e en cr\u00e9ant les diverses esp\u00e8ces de <em>Stanhopea<\/em>.  Il  y en a plus d&rsquo;une cinquantaine d&rsquo;esp\u00e8ces \u00e9piphytes, hormis quelques  rares terrestres ou lithophytes, et presque autant de formes diff\u00e9rentes  ! Elles sont originaires d&rsquo;une zone s&rsquo;\u00e9tendant du Mexique au Br\u00e9sil.<br> V\u00e9ritable casse-t\u00eate pour le d\u00e9butant, la fleur de <em>Stanhopea<\/em> est pourtant tout ce qu&rsquo;il y a de plus classique chez les orchid\u00e9es : 3 s\u00e9pales, 2 p\u00e9tales et 1 labelle. Ce qui est, par contre, d\u00e9routant, ce sont les formes, les tailles et la disposition qu&rsquo;elles adoptent. En  fait, elles ont cr\u00e9\u00e9 un labyrinthe obligeant les insectes  pollinisateurs (des abeilles pour la plupart) \u00e0 se frayer un chemin dans  ce d\u00e9dale de replis et, obligatoirement, \u00e0 passer par les pollinies  et\/ou le stigmate !<\/p>\n\n\n\n<p>La majorit\u00e9 des esp\u00e8ces pr\u00e9sentent un parfum capiteux, ent\u00eatant et \nsuffisamment fort (trop peut-\u00eatre) pour embaumer une pi\u00e8ce enti\u00e8re \npendant des jours. De plus, les fleurs sont grandes \u00e0 tr\u00e8s \ngrandes (parfois plus de 15 cm de diam\u00e8tre) mais, malheureusement, la \nplupart sont de tr\u00e8s courte dur\u00e9e (de 2 \u00e0 7 jours en moyenne).  C&rsquo;est donc peu de dire que la floraison d&rsquo;une <em>Stanhopea<\/em> constitue un \u00e9v\u00e8nement attendu. Elles\n ont de surcro\u00eet la particularit\u00e9 de s&rsquo;ouvrir presque d&rsquo;un seul coup, \ncertaines faisant m\u00eame du bruit lors de leur \u00e9closion ! Le \nton dominant est le jaune dans une large gamme de d\u00e9clinaisons, \naccompagn\u00e9 de brun, clair ou fonc\u00e9, de pourpre, de violet, de blanc, \u2026 <\/p>\n\n\n\n<p> Les pseudobulbes sont serr\u00e9s et portent g\u00e9n\u00e9ralement une feuille. Comme la hampe florale est pendante, ce caract\u00e8re nous oblige \u00e0 cultiver les <em>Stanhopea<\/em> dans des caissettes en bois, sans quoi la hampe florale irait se perdre dans le pot et y pourrir. Quel g\u00e2chis ! Quoiqu&rsquo;il en soit, ces esp\u00e8ces sont de grandes soiffardes. Non  pas qu&rsquo;il faille les noyer, mais il leur faut une grande quantit\u00e9 d&rsquo;eau  toute l&rsquo;ann\u00e9e, ainsi que des temp\u00e9ratures moyennes \u00e0 chaudes (en  fonction des esp\u00e8ces), sauf quelques esp\u00e8ces originaires de plus haute  altitude. Ce sont des plantes de for\u00eats et elles  n&rsquo;appr\u00e9cient pas le plein soleil, elles se contentent donc d&rsquo;un lieu \u00e0  la mi-ombre ou \u00e0 l&rsquo;ombre. Une bonne ventilation est n\u00e9cessaire pour \u00e9viter la pourriture des fines feuilles nervur\u00e9es (sensibles) et des pseudobulbes. En fonction des esp\u00e8ces, la floraison intervient \u00e0 tout moment de l&rsquo;ann\u00e9e.<\/p>\n\n\n\n<p> Certaines esp\u00e8ces, notamment celles originaires du nord de l&rsquo;aire de  r\u00e9partition, ont besoin d&rsquo;une p\u00e9riode de repos en hiver; alors que la  plupart des autres ont besoin d&rsquo;eau toute l&rsquo;ann\u00e9e. Vu leur  v\u00e9g\u00e9tation assez importante, les apports d&rsquo;engrais peuvent \u00eatre donn\u00e9s  toute l&rsquo;ann\u00e9e (bien que r\u00e9duits en hiver), du moins pour les esp\u00e8ces  n&rsquo;ayant pas de p\u00e9riode de repos. Comme il est dit plus  haut, en raison de leur hampe florale retombante d\u00e8s le d\u00e9but de leur  d\u00e9veloppement, il est obligatoire de cultiver les <em>Stanhopea<\/em> dans des caissettes en bois ou des pots ajour\u00e9s, sous peine de voir les fleurs pourrir \u00e0 votre insu dans le compost ! Un estivage leur fera un grand bien, \u00e0 la pluie et dans un endroit a\u00e9r\u00e9 mais \u00e0 l&rsquo;abri du soleil !<\/p>\n","protected":false},"excerpt":{"rendered":"<p>Ce groupe concerne des fleurs tr\u00e8s spectaculaires et des plantes qui peuvent atteindre de bonnes dimensions \u00e9galement : celui des Stanhop\u00e9in\u00e9es regroupant Stanhopea, Embreea, Paphinia, \u2026 On peut dire que Dame Nature s&rsquo;est bien amus\u00e9e en cr\u00e9ant les diverses esp\u00e8ces de Stanhopea. Il y en a plus d&rsquo;une cinquantaine d&rsquo;esp\u00e8ces \u00e9piphytes, hormis quelques rares terrestres [&hellip;]<\/p>\n","protected":false},"author":1,"featured_media":0,"parent":156,"menu_order":28,"comment_status":"closed","ping_status":"closed","template":"","meta":{"ngg_post_thumbnail":0,"footnotes":""},"_links":{"self":[{"href":"https:\/\/cawoliege.be\/index.php\/wp-json\/wp\/v2\/pages\/296"}],"collection":[{"href":"https:\/\/cawoliege.be\/index.php\/wp-json\/wp\/v2\/pages"}],"about":[{"href":"https:\/\/cawoliege.be\/index.php\/wp-json\/wp\/v2\/types\/page"}],"author":[{"embeddable":true,"href":"https:\/\/cawoliege.be\/index.php\/wp-json\/wp\/v2\/users\/1"}],"replies":[{"embeddable":true,"href":"https:\/\/cawoliege.be\/index.php\/wp-json\/wp\/v2\/comments?post=296"}],"version-history":[{"count":1,"href":"https:\/\/cawoliege.be\/index.php\/wp-json\/wp\/v2\/pages\/296\/revisions"}],"predecessor-version":[{"id":298,"href":"https:\/\/cawoliege.be\/index.php\/wp-json\/wp\/v2\/pages\/296\/revisions\/298"}],"up":[{"embeddable":true,"href":"https:\/\/cawoliege.be\/index.php\/wp-json\/wp\/v2\/pages\/156"}],"wp:attachment":[{"href":"https:\/\/cawoliege.be\/index.php\/wp-json\/wp\/v2\/media?parent=296"}],"curies":[{"name":"wp","href":"https:\/\/api.w.org\/{rel}","templated":true}]}}