{"id":279,"date":"2019-05-12T09:23:43","date_gmt":"2019-05-12T07:23:43","guid":{"rendered":"http:\/\/cawoliege.be\/?page_id=279"},"modified":"2023-04-05T10:23:54","modified_gmt":"2023-04-05T08:23:54","slug":"pleione","status":"publish","type":"page","link":"https:\/\/cawoliege.be\/index.php\/orchidees-plus-rares\/pleione\/","title":{"rendered":"Pleione"},"content":{"rendered":"\n<p><strong>L<\/strong>es <em>Pleione<\/em>, tout comme les <em>Calanthe<\/em> (en compagnie desquelles on peut d&rsquo;ailleurs les cultiver), regroupent des esp\u00e8ces tropicales et des esp\u00e8ces temp\u00e9r\u00e9es, une (<em>Pln. limprichtii<\/em>) \u00e9tant m\u00eame rustique, d&rsquo;apr\u00e8s certains ! Leur culture devra donc \u00eatre conforme \u00e0 leur origine.  <\/p>\n\n\n\n<p> Le genre comprend une grosse vingtaine d&rsquo;esp\u00e8ces dont la couleur dominante est le rose, le violet ou le fuchsia, mais <em>Pln. forrestii<\/em> est jaune p\u00e2le \u00e0 jaune vif avec des dessins rouges sur le labelle; enfin, plusieurs vari\u00e9t\u00e9s albinos sont mentionn\u00e9es.<br> La plus connue, la plus r\u00e9pandue dans les collections et\u2026 la plus facile est <em>Pln. formosana<\/em>  qui, comme son nom l&rsquo;indique, provient de Taiwan (anciennement Formose)  o\u00f9 elle est la fleur nationale\u2026 depuis qu&rsquo;ils se sont rendus compte,  l\u00e0-bas, que la collecte intensive de cette esp\u00e8ce r\u00e9pandue finirait par  la mettre en danger !!!<br> Les <em>Pleione<\/em> ont un cycle saisonnier tr\u00e8s marqu\u00e9 (m\u00eame celles d&rsquo;origine tropicale). On  peut les diviser en deux cat\u00e9gories : celles \u00e0 floraison printani\u00e8re et  avec une feuille sur le pseudobulbe (les plus \u00ab\u00a0faciles\u00a0\u00bb) et celles \u00e0  floraison automnale et avec deux feuilles sur le pseudobulbe (les moins  \u00ab\u00a0faciles).<\/p>\n\n\n\n<p> Les esp\u00e8ces printani\u00e8res d\u00e9veloppent une nouvelle pousse au sein de laquelle se trouve la hampe florale. Vers  la fin de la floraison commencent \u00e0 se d\u00e9velopper les racines, ce n&rsquo;est  qu&rsquo;\u00e0 partir de ce moment-l\u00e0 que les arrosages \u00ab\u00a0normaux\u00a0\u00bb seront repris. En \u00e9t\u00e9, la feuille continue son d\u00e9veloppement et elle peut atteindre 20 \u00e0 25 cm de long. Le  pseudobulbe de l&rsquo;ann\u00e9e pr\u00e9c\u00e9dente (qui a donn\u00e9 naissance \u00e0 la nouvelle  pousse) se racornit petit \u00e0 petit, et le nouveau (\u00e0 la base de la  feuille) se d\u00e9veloppe \u00e0 son tour. Pour obtenir un gros pseudobulbe (et par cons\u00e9quent une bonne floraison), il lui faut donner beaucoup d&rsquo;eau en \u00e9t\u00e9. Vers  la fin de l&rsquo;\u00e9t\u00e9 ou le d\u00e9but de l&rsquo;automne, les arrosages seront  progressivement diminu\u00e9s, la feuille tournera doucement au jaune, puis  tombera. Les arrosages seront alors compl\u00e8tement suspendus. Il  faudra alors stocker les plantes dans un endroit frais (entre 2 et  10\u00b0C, en fonction de l&rsquo;esp\u00e8ce) et attendre le r\u00e9veil naturel de la  plante pour la remettre \u00e0 sa place. Sa place id\u00e9ale est en fait \u00e0 l&rsquo;ext\u00e9rieur. Il faudra naturellement attendre que les gel\u00e9es soient pass\u00e9es pour sortir les <em>Pleione<\/em>, mais cela peut intervenir tr\u00e8s t\u00f4t, selon les ann\u00e9es. Le  plein soleil de midi n&rsquo;est peut-\u00eatre pas recommand\u00e9, mais une bonne  lumi\u00e8re et beaucoup de pluie sont particuli\u00e8rement appr\u00e9ci\u00e9es, surtout  si elles sont accompagn\u00e9es d&rsquo;un amendement r\u00e9gulier.<\/p>\n\n\n\n<p> Les <em>Pleione<\/em> d&rsquo;automne (<em>Pln. maculata<\/em>, <em>Pln. praecox<\/em> et <em>Pln. x lagenaria<\/em>, hybride naturel des deux pr\u00e9c\u00e9dentes) ont un mode de croissance et de culture <em>grosso modo<\/em>  identiques, \u00e0 ceci pr\u00e8s que les fleurs apparaissent dans une nouvelle  pousse (qui se d\u00e9veloppera au printemps suivant), alors que les deux  feuilles rosissent ou rougissent vers le milieu de l&rsquo;automne.<\/p>\n\n\n\n<p> Si les pseudobulbes des esp\u00e8ces printani\u00e8res sont majoritairement ronds ou ovo\u00efdes, ceux des automnales sont cubiques ! L&rsquo;hivernage se fera \u00e0 une temp\u00e9rature plus \u00e9lev\u00e9e (vers 10\/12\u00b0C) et <em>Pln. maculata<\/em> est \u00e9piphyte !<br> Le rempotage de toutes les esp\u00e8ces peut \u00eatre annuel, durant l&rsquo;hiver.  Mais un rempotage bi- ou trisannuel est possible \u00e9galement. Dans ce cas,  il faut pr\u00e9voir un pot suffisamment large pour contenir la croissance  de pseudobulbes pouvant devenir assez gros.<br> Alors que des hybrides entre les <em>Coelogyne<\/em> et les <em>Dendrochilum<\/em> existent, les tentatives d&rsquo;hybridation entre <em>Pleione<\/em> et <em>Coelogyne<\/em> n&rsquo;ont, jusqu&rsquo;\u00e0 aujourd&rsquo;hui, donn\u00e9 aucun r\u00e9sultat.<\/p>\n","protected":false},"excerpt":{"rendered":"<p>Les Pleione, tout comme les Calanthe (en compagnie desquelles on peut d&rsquo;ailleurs les cultiver), regroupent des esp\u00e8ces tropicales et des esp\u00e8ces temp\u00e9r\u00e9es, une (Pln. limprichtii) \u00e9tant m\u00eame rustique, d&rsquo;apr\u00e8s certains ! Leur culture devra donc \u00eatre conforme \u00e0 leur origine. Le genre comprend une grosse vingtaine d&rsquo;esp\u00e8ces dont la couleur dominante est le rose, le [&hellip;]<\/p>\n","protected":false},"author":1,"featured_media":0,"parent":156,"menu_order":22,"comment_status":"closed","ping_status":"closed","template":"","meta":{"ngg_post_thumbnail":0,"footnotes":""},"_links":{"self":[{"href":"https:\/\/cawoliege.be\/index.php\/wp-json\/wp\/v2\/pages\/279"}],"collection":[{"href":"https:\/\/cawoliege.be\/index.php\/wp-json\/wp\/v2\/pages"}],"about":[{"href":"https:\/\/cawoliege.be\/index.php\/wp-json\/wp\/v2\/types\/page"}],"author":[{"embeddable":true,"href":"https:\/\/cawoliege.be\/index.php\/wp-json\/wp\/v2\/users\/1"}],"replies":[{"embeddable":true,"href":"https:\/\/cawoliege.be\/index.php\/wp-json\/wp\/v2\/comments?post=279"}],"version-history":[{"count":2,"href":"https:\/\/cawoliege.be\/index.php\/wp-json\/wp\/v2\/pages\/279\/revisions"}],"predecessor-version":[{"id":1868,"href":"https:\/\/cawoliege.be\/index.php\/wp-json\/wp\/v2\/pages\/279\/revisions\/1868"}],"up":[{"embeddable":true,"href":"https:\/\/cawoliege.be\/index.php\/wp-json\/wp\/v2\/pages\/156"}],"wp:attachment":[{"href":"https:\/\/cawoliege.be\/index.php\/wp-json\/wp\/v2\/media?parent=279"}],"curies":[{"name":"wp","href":"https:\/\/api.w.org\/{rel}","templated":true}]}}