{"id":2112,"date":"2024-05-09T11:21:53","date_gmt":"2024-05-09T09:21:53","guid":{"rendered":"https:\/\/cawoliege.be\/?page_id=2112"},"modified":"2024-05-11T09:52:10","modified_gmt":"2024-05-11T07:52:10","slug":"envie-de-rejoindre-le-cawo","status":"publish","type":"page","link":"https:\/\/cawoliege.be\/index.php\/envie-de-rejoindre-le-cawo\/","title":{"rendered":"Envie de rejoindre le CAWO ?"},"content":{"rendered":"\n<p><strong>R<\/strong>ien de plus simple, la cotisation annuelle individuelle s\u2019\u00e9l\u00e8ve actuellement \u00e0 20,00 \u20ac. <br>La cotisation \u00ab\u00a0familiale\u00a0\u00bb co\u00fbte 25,00 \u20ac\u00a0 et vous donne droit \u00e0 une seconde carte de membre, fort utile lors des expositions o\u00f9 elle vous donne souvent droit \u00e0 des r\u00e9ductions, voire \u00e0 l\u2019entr\u00e9e gratuite, elle vous offre \u00e9galement l&rsquo;entr\u00e9e gratuite aux <a href=\"https:\/\/botaniqueliege.be\/\">Serres du Jardin Botanique de Li\u00e8ge<\/a>, \u2026<br>Elle peut \u00eatre r\u00e9gl\u00e9e lors des r\u00e9unions ou activit\u00e9s du club ou vers\u00e9e sur le compte <strong>Fortis<\/strong> du club : BE52 0018 8212 1009<br>(Pour l\u2019\u00e9tranger, individuelle : 25,00 \u20ac, virement bancaire sans frais : <strong>IBAN<\/strong> : BE52 0018 8212 1009 \u2013 <strong>BIC<\/strong> : GEBABEBB).<\/p>\n\n\n\n<div class=\"wp-block-columns is-layout-flex wp-container-core-columns-layout-1 wp-block-columns-is-layout-flex\">\n<div class=\"wp-block-column is-layout-flow wp-block-column-is-layout-flow\">\n<figure class=\"wp-block-image size-full\"><img loading=\"lazy\" decoding=\"async\" width=\"400\" height=\"600\" src=\"https:\/\/cawoliege.be\/wp-content\/uploads\/2019\/05\/img-3406-jpg.jpg\" alt=\"\" class=\"wp-image-448\" srcset=\"https:\/\/cawoliege.be\/wp-content\/uploads\/2019\/05\/img-3406-jpg.jpg 400w, https:\/\/cawoliege.be\/wp-content\/uploads\/2019\/05\/img-3406-jpg-200x300.jpg 200w\" sizes=\"(max-width: 400px) 100vw, 400px\" \/><\/figure>\n\n\n\n<p style=\"font-size:14px\"><\/p>\n<\/div>\n\n\n\n<div class=\"wp-block-column is-layout-flow wp-block-column-is-layout-flow\">\n<div style=\"height:100px\" aria-hidden=\"true\" class=\"wp-block-spacer\"><\/div>\n\n\n\n<p style=\"font-size:14px\"><\/p>\n\n\n\n<figure class=\"wp-block-image size-full\"><img loading=\"lazy\" decoding=\"async\" width=\"800\" height=\"600\" src=\"https:\/\/cawoliege.be\/wp-content\/uploads\/2019\/05\/miltonia-spectabilis-1.jpg\" alt=\"\" class=\"wp-image-423\" srcset=\"https:\/\/cawoliege.be\/wp-content\/uploads\/2019\/05\/miltonia-spectabilis-1.jpg 800w, https:\/\/cawoliege.be\/wp-content\/uploads\/2019\/05\/miltonia-spectabilis-1-300x225.jpg 300w, https:\/\/cawoliege.be\/wp-content\/uploads\/2019\/05\/miltonia-spectabilis-1-768x576.jpg 768w, https:\/\/cawoliege.be\/wp-content\/uploads\/2019\/05\/miltonia-spectabilis-1-480x360.jpg 480w\" sizes=\"(max-width: 800px) 100vw, 800px\" \/><\/figure>\n<\/div>\n<\/div>\n","protected":false},"excerpt":{"rendered":"<p>Rien de plus simple, la cotisation annuelle individuelle s\u2019\u00e9l\u00e8ve actuellement \u00e0 20,00 \u20ac. La cotisation \u00ab\u00a0familiale\u00a0\u00bb co\u00fbte 25,00 \u20ac\u00a0 et vous donne droit \u00e0 une seconde carte de membre, fort utile lors des expositions o\u00f9 elle vous donne souvent droit \u00e0 des r\u00e9ductions, voire \u00e0 l\u2019entr\u00e9e gratuite, elle vous offre \u00e9galement l&rsquo;entr\u00e9e gratuite aux Serres [&hellip;]<\/p>\n","protected":false},"author":1,"featured_media":0,"parent":0,"menu_order":0,"comment_status":"closed","ping_status":"closed","template":"","meta":{"ngg_post_thumbnail":0,"footnotes":""},"_links":{"self":[{"href":"https:\/\/cawoliege.be\/index.php\/wp-json\/wp\/v2\/pages\/2112"}],"collection":[{"href":"https:\/\/cawoliege.be\/index.php\/wp-json\/wp\/v2\/pages"}],"about":[{"href":"https:\/\/cawoliege.be\/index.php\/wp-json\/wp\/v2\/types\/page"}],"author":[{"embeddable":true,"href":"https:\/\/cawoliege.be\/index.php\/wp-json\/wp\/v2\/users\/1"}],"replies":[{"embeddable":true,"href":"https:\/\/cawoliege.be\/index.php\/wp-json\/wp\/v2\/comments?post=2112"}],"version-history":[{"count":2,"href":"https:\/\/cawoliege.be\/index.php\/wp-json\/wp\/v2\/pages\/2112\/revisions"}],"predecessor-version":[{"id":2179,"href":"https:\/\/cawoliege.be\/index.php\/wp-json\/wp\/v2\/pages\/2112\/revisions\/2179"}],"wp:attachment":[{"href":"https:\/\/cawoliege.be\/index.php\/wp-json\/wp\/v2\/media?parent=2112"}],"curies":[{"name":"wp","href":"https:\/\/api.w.org\/{rel}","templated":true}]}}