{"id":199,"date":"2019-05-12T07:51:35","date_gmt":"2019-05-12T05:51:35","guid":{"rendered":"http:\/\/cawoliege.be\/?page_id=199"},"modified":"2019-05-12T07:51:35","modified_gmt":"2019-05-12T05:51:35","slug":"embreea","status":"publish","type":"page","link":"https:\/\/cawoliege.be\/index.php\/orchidees-plus-rares\/embreea\/","title":{"rendered":"Embreea"},"content":{"rendered":"\n<div class=\"wp-block-image\"><figure class=\"aligncenter\"><img loading=\"lazy\" decoding=\"async\" width=\"210\" height=\"160\" src=\"http:\/\/cawoliege.be\/wp-content\/uploads\/2019\/05\/Embreea.gif\" alt=\"\" class=\"wp-image-202\"\/><\/figure><\/div>\n\n\n\n<p><strong>L<\/strong>e genre <em>Embreea<\/em> a \u00e9t\u00e9 cr\u00e9\u00e9 au d\u00e9but des ann\u00e9es 80&prime; pour y classer une esp\u00e8ce (aujourd&rsquo;hui deux) de <em>Stanhopea<\/em> qui \u00e9tait un peu diff\u00e9rente. En\n fait, la diff\u00e9rence r\u00e9side dans la forme et la couleur des pseudobulbes\n (qui sont quadrangulaires au lieu de ronds, et gris vert au lieu de \nvert chez <em>Stanhopea<\/em>) et la couleur des feuilles, gris vert. <\/p>\n\n\n\n<p>Ces esp\u00e8ces doivent rester humide toute l&rsquo;ann\u00e9e, dans une ambiance temp\u00e9r\u00e9e chaude. Pour le reste, les fleurs sont tr\u00e8s semblables \u00e0 celles des <em>Stanhopea<\/em>.<\/p>\n","protected":false},"excerpt":{"rendered":"<p>Le genre Embreea a \u00e9t\u00e9 cr\u00e9\u00e9 au d\u00e9but des ann\u00e9es 80&prime; pour y classer une esp\u00e8ce (aujourd&rsquo;hui deux) de Stanhopea qui \u00e9tait un peu diff\u00e9rente. En fait, la diff\u00e9rence r\u00e9side dans la forme et la couleur des pseudobulbes (qui sont quadrangulaires au lieu de ronds, et gris vert au lieu de vert chez Stanhopea) et [&hellip;]<\/p>\n","protected":false},"author":1,"featured_media":0,"parent":156,"menu_order":9,"comment_status":"closed","ping_status":"closed","template":"","meta":{"ngg_post_thumbnail":0,"footnotes":""},"_links":{"self":[{"href":"https:\/\/cawoliege.be\/index.php\/wp-json\/wp\/v2\/pages\/199"}],"collection":[{"href":"https:\/\/cawoliege.be\/index.php\/wp-json\/wp\/v2\/pages"}],"about":[{"href":"https:\/\/cawoliege.be\/index.php\/wp-json\/wp\/v2\/types\/page"}],"author":[{"embeddable":true,"href":"https:\/\/cawoliege.be\/index.php\/wp-json\/wp\/v2\/users\/1"}],"replies":[{"embeddable":true,"href":"https:\/\/cawoliege.be\/index.php\/wp-json\/wp\/v2\/comments?post=199"}],"version-history":[{"count":1,"href":"https:\/\/cawoliege.be\/index.php\/wp-json\/wp\/v2\/pages\/199\/revisions"}],"predecessor-version":[{"id":203,"href":"https:\/\/cawoliege.be\/index.php\/wp-json\/wp\/v2\/pages\/199\/revisions\/203"}],"up":[{"embeddable":true,"href":"https:\/\/cawoliege.be\/index.php\/wp-json\/wp\/v2\/pages\/156"}],"wp:attachment":[{"href":"https:\/\/cawoliege.be\/index.php\/wp-json\/wp\/v2\/media?parent=199"}],"curies":[{"name":"wp","href":"https:\/\/api.w.org\/{rel}","templated":true}]}}