{"id":179,"date":"2019-05-12T07:41:01","date_gmt":"2019-05-12T05:41:01","guid":{"rendered":"http:\/\/cawoliege.be\/?page_id=179"},"modified":"2019-05-12T07:41:01","modified_gmt":"2019-05-12T05:41:01","slug":"cirrhopetalum","status":"publish","type":"page","link":"https:\/\/cawoliege.be\/index.php\/orchidees-plus-rares\/cirrhopetalum\/","title":{"rendered":"Cirrhopetalum"},"content":{"rendered":"\n<div class=\"wp-block-image\"><figure class=\"aligncenter\"><img loading=\"lazy\" decoding=\"async\" width=\"210\" height=\"177\" src=\"http:\/\/cawoliege.be\/wp-content\/uploads\/2019\/05\/Cirrhopetalum.gif\" alt=\"\" class=\"wp-image-182\"\/><\/figure><\/div>\n\n\n\n<p><strong>L<\/strong>es <em>Cirrhopetalum<\/em>, tr\u00e8s proches, mais avec des fleurs r\u00e9unies en ombelle caract\u00e9ristique, seront cultiv\u00e9s <em>grosso modo<\/em> dans les m\u00eames conditions que leurs cousines. <\/p>\n\n\n\n<p>Ici aussi, leurs origines diverses vous obligera \u00e0 vous renseigner avant de savoir si ces esp\u00e8ces se plairont chez vous ou non.  Les autres caract\u00e9ristiques des <em>Bulbophyllum<\/em> se retrouvent globalement aussi chez <em>Cirrhopetalum<\/em>.<\/p>\n","protected":false},"excerpt":{"rendered":"<p>Les Cirrhopetalum, tr\u00e8s proches, mais avec des fleurs r\u00e9unies en ombelle caract\u00e9ristique, seront cultiv\u00e9s grosso modo dans les m\u00eames conditions que leurs cousines. Ici aussi, leurs origines diverses vous obligera \u00e0 vous renseigner avant de savoir si ces esp\u00e8ces se plairont chez vous ou non. Les autres caract\u00e9ristiques des Bulbophyllum se retrouvent globalement aussi chez [&hellip;]<\/p>\n","protected":false},"author":1,"featured_media":0,"parent":156,"menu_order":5,"comment_status":"closed","ping_status":"closed","template":"","meta":{"ngg_post_thumbnail":0,"footnotes":""},"_links":{"self":[{"href":"https:\/\/cawoliege.be\/index.php\/wp-json\/wp\/v2\/pages\/179"}],"collection":[{"href":"https:\/\/cawoliege.be\/index.php\/wp-json\/wp\/v2\/pages"}],"about":[{"href":"https:\/\/cawoliege.be\/index.php\/wp-json\/wp\/v2\/types\/page"}],"author":[{"embeddable":true,"href":"https:\/\/cawoliege.be\/index.php\/wp-json\/wp\/v2\/users\/1"}],"replies":[{"embeddable":true,"href":"https:\/\/cawoliege.be\/index.php\/wp-json\/wp\/v2\/comments?post=179"}],"version-history":[{"count":1,"href":"https:\/\/cawoliege.be\/index.php\/wp-json\/wp\/v2\/pages\/179\/revisions"}],"predecessor-version":[{"id":183,"href":"https:\/\/cawoliege.be\/index.php\/wp-json\/wp\/v2\/pages\/179\/revisions\/183"}],"up":[{"embeddable":true,"href":"https:\/\/cawoliege.be\/index.php\/wp-json\/wp\/v2\/pages\/156"}],"wp:attachment":[{"href":"https:\/\/cawoliege.be\/index.php\/wp-json\/wp\/v2\/media?parent=179"}],"curies":[{"name":"wp","href":"https:\/\/api.w.org\/{rel}","templated":true}]}}