{"id":152,"date":"2019-05-11T18:14:28","date_gmt":"2019-05-11T16:14:28","guid":{"rendered":"http:\/\/cawoliege.be\/?page_id=152"},"modified":"2019-05-12T11:59:06","modified_gmt":"2019-05-12T09:59:06","slug":"les-cahiers-de-lorchidophile","status":"publish","type":"page","link":"https:\/\/cawoliege.be\/index.php\/les-cahiers-de-lorchidophile\/","title":{"rendered":"Les Cahiers de l&rsquo;Orchidophile"},"content":{"rendered":"\n<figure class=\"wp-block-image\"><img loading=\"lazy\" decoding=\"async\" width=\"769\" height=\"644\" src=\"http:\/\/cawoliege.be\/wp-content\/uploads\/2019\/05\/entete-01.jpg\" alt=\"\" class=\"wp-image-389\" srcset=\"https:\/\/cawoliege.be\/wp-content\/uploads\/2019\/05\/entete-01.jpg 769w, https:\/\/cawoliege.be\/wp-content\/uploads\/2019\/05\/entete-01-300x251.jpg 300w, https:\/\/cawoliege.be\/wp-content\/uploads\/2019\/05\/entete-01-768x643.jpg 768w\" sizes=\"(max-width: 769px) 100vw, 769px\" \/><\/figure>\n\n\n\n<p><strong>Les Cahiers de l&rsquo;Orchidophile<\/strong> est le nom donn\u00e9 \u00e0 notre revue qui parait trois fois par an.<br>\nCette revue est faite 100% maison, c&rsquo;est-\u00e0-dire que les articles sont \n\u00e9crits (ou traduits) par des membres du club, ou les conf\u00e9renciers qui \nviennent nous rendre visite et laissent le texte de leur conf\u00e9rence.<br>\nLa mise en page est r\u00e9alis\u00e9e par le responsable de la revue (<em>Christian<\/em>).<br>\nLes photos proviennent essentiellement des membres du CAWO, quelquefois,\n et pour les besoins d&rsquo;articles ou de fiches de culture, certaines sont \ntir\u00e9es de sites Internet.<\/p>\n\n\n\n<p><strong>E<\/strong>n exclusivit\u00e9 (et beaucoup nous l&rsquo;envient !), le CAWO vous propose trois fois par an, au sein de votre revue, deux <strong>fiches de culture plastifi\u00e9es<\/strong>.\n Pratique quand on est devant ses plantes tout juste arros\u00e9es, il ne \nfaut plus craindre l&rsquo;eau qui s&rsquo;\u00e9coule dessus et qui fait couler l&rsquo;encre !<\/p>\n\n\n\n<p><strong>L<\/strong>a revue aborde diff\u00e9rents sujets \n(articles de fond, historique, agenda, exp\u00e9riences, relations de visite,\n &#8230;), tous ayant naturellement un rapport avec les orchid\u00e9es. Ses pages\n sont ouvertes \u00e0 tous, pour autant que le sujet soit orient\u00e9 vers les \norchid\u00e9es, cela va de soi !!! Tous les t\u00e9moignages sont les bienvenus.<br>\nLe CAWO est un lieu d&rsquo;\u00e9changes, la revue doit l&rsquo;\u00eatre, tout en \u00e9tant le \nlien avec ceux qui assistent moins souvent aux r\u00e9unions ou ceux qui, \nhabitant plus loin, ne peuvent s&rsquo;y rendre.<br>\nEn d&rsquo;autres termes, cette revue est VOTRE revue. <strong>Prenez-y part<\/strong> !!!<\/p>\n\n\n\n<p><strong>E<\/strong>nfin, sachez aussi que Les Cahiers \nde l&rsquo;Orchidophile sont imprim\u00e9s (sur une imprimante semi-professionnelle\n de marque Xerox) et reli\u00e9s par Alex, notre infatigable secr\u00e9taire&#8230; \nqui vous la distribue \u00e0 l&rsquo;occasion des r\u00e9unions de mars, juin, septembre\n et d\u00e9cembre.<br>\nLes personnes absentes de ces r\u00e9unions recoivent leurs revues par la \nPoste, dans un d\u00e9lai g\u00e9n\u00e9ralement inf\u00e9rieur \u00e0 trois semaines apr\u00e8s la \ndate de la r\u00e9union (sauf si, comme c&rsquo;est d\u00e9j\u00e0 arriv\u00e9, X\u00e9rox tombe en \nrupture de stock d&rsquo;encre et nous retarde d&rsquo;autant &#8230;) !<\/p>\n\n\n\n<p><strong>B<\/strong>onne lecture&#8230;<\/p>\n","protected":false},"excerpt":{"rendered":"<p>Les Cahiers de l&rsquo;Orchidophile est le nom donn\u00e9 \u00e0 notre revue qui parait trois fois par an. Cette revue est faite 100% maison, c&rsquo;est-\u00e0-dire que les articles sont \u00e9crits (ou traduits) par des membres du club, ou les conf\u00e9renciers qui viennent nous rendre visite et laissent le texte de leur conf\u00e9rence. La mise en page [&hellip;]<\/p>\n","protected":false},"author":1,"featured_media":0,"parent":0,"menu_order":0,"comment_status":"closed","ping_status":"closed","template":"","meta":{"ngg_post_thumbnail":0,"footnotes":""},"_links":{"self":[{"href":"https:\/\/cawoliege.be\/index.php\/wp-json\/wp\/v2\/pages\/152"}],"collection":[{"href":"https:\/\/cawoliege.be\/index.php\/wp-json\/wp\/v2\/pages"}],"about":[{"href":"https:\/\/cawoliege.be\/index.php\/wp-json\/wp\/v2\/types\/page"}],"author":[{"embeddable":true,"href":"https:\/\/cawoliege.be\/index.php\/wp-json\/wp\/v2\/users\/1"}],"replies":[{"embeddable":true,"href":"https:\/\/cawoliege.be\/index.php\/wp-json\/wp\/v2\/comments?post=152"}],"version-history":[{"count":3,"href":"https:\/\/cawoliege.be\/index.php\/wp-json\/wp\/v2\/pages\/152\/revisions"}],"predecessor-version":[{"id":390,"href":"https:\/\/cawoliege.be\/index.php\/wp-json\/wp\/v2\/pages\/152\/revisions\/390"}],"wp:attachment":[{"href":"https:\/\/cawoliege.be\/index.php\/wp-json\/wp\/v2\/media?parent=152"}],"curies":[{"name":"wp","href":"https:\/\/api.w.org\/{rel}","templated":true}]}}