{"id":147,"date":"2019-05-11T18:12:58","date_gmt":"2019-05-11T16:12:58","guid":{"rendered":"http:\/\/cawoliege.be\/?page_id=147"},"modified":"2019-05-11T18:12:58","modified_gmt":"2019-05-11T16:12:58","slug":"vanda","status":"publish","type":"page","link":"https:\/\/cawoliege.be\/index.php\/quelques-genres-et-especes\/vanda\/","title":{"rendered":"Vanda"},"content":{"rendered":"\n<div class=\"wp-block-image\"><figure class=\"aligncenter\"><img loading=\"lazy\" decoding=\"async\" width=\"160\" height=\"210\" src=\"http:\/\/cawoliege.be\/wp-content\/uploads\/2019\/05\/vandaa.gif\" alt=\"\" class=\"wp-image-148\"\/><\/figure><\/div>\n\n\n\n<p><strong>A<\/strong>vec les <strong>Vanda<\/strong>, \nnous entrons dans une autre dimension, verticale celle-l\u00e0 ! Ces plantes \nsont en effet sympodiales et par cons\u00e9quent, poussent de fa\u00e7on \nverticale, ce qui leur permet de suivre la croissance de leur h\u00f4te. Les \nracines lat\u00e9rales qui apparaissent le long des tiges permettent un \nexcellent accrochage. Les <em>Vanda<\/em> proviennent essentiellement des\n pays entourant de la mer de Chine (Asie du Sud-Est, Indon\u00e9sie, Born\u00e9o, \nPhilippines). Elles pr\u00e9sentent des feuilles alternes, coriaces, parfois \nassez longues, souvent en forme de V, plates ou rondes, g\u00e9n\u00e9ralement \nassez nombreuses, chacune apparaissant dans le c\u0153ur form\u00e9 par les \npr\u00e9c\u00e9dentes. Les fleurs s\u2019\u00e9panouissent sur des hampes florales \u00e9mergeant\n lat\u00e9ralement sur les tiges. Ces fleurs sont g\u00e9n\u00e9ralement assez \nnombreuses, quelquefois tr\u00e8s grandes (par ex. <em>Euanthe sanderiana<\/em>, ex <em>Vanda sanderiana<\/em>), parfois aussi petites et peu nombreuses (par ex. <em>Trudelia cristata<\/em> ou <em>alpina<\/em>, ex <em>Vanda cristata<\/em> et <em>V<\/em>. <em>alpina<\/em>), quelques-unes sont d\u00e9licatement parfum\u00e9es (par ex. <em>V. tricolor suavis<\/em>).<br>\n<br>\nLes couleurs sont ici aussi tr\u00e8s nombreuses, et la rarissime Vanda bleu ciel (<em>V. caerulea<\/em>)\n a \u00e9t\u00e9 \u00e0 l\u2019origine de nombreux hybrides auxquels elle a l\u00e9gu\u00e9 cette \ncouleur inhabituelle. Ce sont des plantes qui vivent sous des climats \nassez divers et il existe des esp\u00e8ces qui tol\u00e8rent mieux la fra\u00eecheur \nque d\u2019autres, ce qui rend bien des services ! Elles ne connaissent \npratiquement pas de p\u00e9riode de repos.<br>\n&nbsp;<\/p>\n\n\n\n<p><strong>A<\/strong>utour des <em>Vanda<\/em> gravitent plusieurs genres tr\u00e8s voisins avec lesquels elles ont d\u2019ailleurs \u00e9t\u00e9 beaucoup hybrid\u00e9es (X Ascocenda = <em>Ascocentrum<\/em> x <em>Vanda<\/em>, X Rhynchovanda = <em>Rhynchostylis<\/em> x <em>Vanda<\/em>, X Aranda = <em>Arachnis<\/em> x <em>Vanda<\/em>, X Renanthanda = <em>Renanthera<\/em> x <em>Vanda<\/em>, X Aeridovanda = <em>Aerides<\/em> x <em>Vanda<\/em>, etc.). Attention cependant, <em>Vandopsis<\/em> n\u2019est pas le r\u00e9sultat d\u2019un croisement (qui existe pourtant) entre une <em>Vanda<\/em> et un <em>Phalaenopsis<\/em>, c\u2019est en fait un genre tr\u00e8s proche des <em>Vanda<\/em>.\n La plupart de ces esp\u00e8ces et genres requi\u00e8rent beaucoup de luminosit\u00e9 \npour bien pousser et, surtout, fleurir. Il n\u2019est pas rare en effet que \nces plantes poussent pratiquement en plein soleil et sans protection, \nsous les Tropiques ! Ce qui rend leurs coloris d\u2019autant plus vifs ! \nC\u2019est aussi pour cette raison que les floraisons de ces plantes chez \nnous sont souvent plus ternes et moins nombreuses que l\u00e0-bas.<\/p>\n\n\n\n<p><strong>A<\/strong>vec ces genres se termine notre \npassage en revue des plantes courantes. D\u2019autres genres moins courants \nou moins connus sont abord\u00e9s dans le chapitre suivant.<\/p>\n","protected":false},"excerpt":{"rendered":"<p>Avec les Vanda, nous entrons dans une autre dimension, verticale celle-l\u00e0 ! Ces plantes sont en effet sympodiales et par cons\u00e9quent, poussent de fa\u00e7on verticale, ce qui leur permet de suivre la croissance de leur h\u00f4te. Les racines lat\u00e9rales qui apparaissent le long des tiges permettent un excellent accrochage. Les Vanda proviennent essentiellement des pays [&hellip;]<\/p>\n","protected":false},"author":1,"featured_media":0,"parent":72,"menu_order":12,"comment_status":"closed","ping_status":"closed","template":"","meta":{"ngg_post_thumbnail":0,"footnotes":""},"_links":{"self":[{"href":"https:\/\/cawoliege.be\/index.php\/wp-json\/wp\/v2\/pages\/147"}],"collection":[{"href":"https:\/\/cawoliege.be\/index.php\/wp-json\/wp\/v2\/pages"}],"about":[{"href":"https:\/\/cawoliege.be\/index.php\/wp-json\/wp\/v2\/types\/page"}],"author":[{"embeddable":true,"href":"https:\/\/cawoliege.be\/index.php\/wp-json\/wp\/v2\/users\/1"}],"replies":[{"embeddable":true,"href":"https:\/\/cawoliege.be\/index.php\/wp-json\/wp\/v2\/comments?post=147"}],"version-history":[{"count":1,"href":"https:\/\/cawoliege.be\/index.php\/wp-json\/wp\/v2\/pages\/147\/revisions"}],"predecessor-version":[{"id":149,"href":"https:\/\/cawoliege.be\/index.php\/wp-json\/wp\/v2\/pages\/147\/revisions\/149"}],"up":[{"embeddable":true,"href":"https:\/\/cawoliege.be\/index.php\/wp-json\/wp\/v2\/pages\/72"}],"wp:attachment":[{"href":"https:\/\/cawoliege.be\/index.php\/wp-json\/wp\/v2\/media?parent=147"}],"curies":[{"name":"wp","href":"https:\/\/api.w.org\/{rel}","templated":true}]}}